74897?
8
What is the units digit of 11262?
2
What is the hundreds digit of 2030796?
7
What is the thousands digit of 51036?
1
What is the tens digit of 1496916?
1
What is the tens digit of 25510?
1
What is the hundreds digit of 223797?
7
What is the ten thousands digit of 827262?
2
What is the hundred thousands digit of 2014642?
0
What is the hundred thousands digit of 1018824?
0
What is the tens digit of 2869586?
8
What is the ten thousands digit of 959119?
5
What is the thousands digit of 380782?
0
What is the units digit of 372097?
7
What is the units digit of 857421?
1
What is the ten thousands digit of 92578?
9
What is the units digit of 6722618?
8
What is the hundreds digit of 722321?
3
What is the thousands digit of 137910?
7
What is the units digit of 4147495?
5
What is the ten thousands digit of 220229?
2
What is the thousands digit of 510722?
0
What is the hundreds digit of 9453417?
4
What is the hundred thousands digit of 9212609?
2
What is the units digit of 7006501?
1
What is the tens digit of 745133?
3
What is the hundreds digit of 12591?
5
What is the thousands digit of 1080393?
0
What is the hundreds digit of 1304075?
0
What is the ten thousands digit of 9692164?
9
What is the units digit of 95144?
4
What is the thousands digit of 345905?
5
What is the tens digit of 263279?
7
What is the millions digit of 1804020?
1
What is the ten thousands digit of 4689726?
8
What is the units digit of 591066?
6
What is the units digit of 32002511?
1
What is the ten thousands digit of 129686?
2
What is the units digit of 1639036?
6
What is the thousands digit of 27609708?
9
What is the units digit of 6699164?
4
What is the thousands digit of 4523679?
3
What is the hundreds digit of 688956?
9
What is the units digit of 297407?
7
What is the millions digit of 11258569?
1
What is the thousands digit of 7781099?
1
What is the millions digit of 14454470?
4
What is the tens digit of 5049504?
0
What is the hundred thousands digit of 324673?
3
What is the tens digit of 2689122?
2
What is the units digit of 2979380?
0
What is the tens digit of 3242890?
9
What is the hundreds digit of 590196?
1
What is the thousands digit of 3661742?
1
What is the hundreds digit of 1386950?
9
What is the ten millions digit of 14447068?
1
What is the units digit of 85234?
4
What is the ten thousands digit of 10306718?
0
What is the units digit of 76220?
0
What is the thousands digit of 656005?
6
What is the thousands digit of 829411?
9
What is the hundreds digit of 16869748?
7
What is the hundreds digit of 8463749?
7
What is the units digit of 213039?
9
What is the hundreds digit of 1874156?
1
What is the units digit of 858872?
2
What is the tens digit of 361386?
8
What is the units digit of 306411?
1
What is the thousands digit of 112492?
2
What is the hundreds digit of 89221?
2
What is the ten thousands digit of 92987?
9
What is the thousands digit of 514089?
4
What is the hundreds digit of 326692?
6
What is the tens digit of 3788310?
1
What is the ten thousands digit of 15422126?
2
What is the units digit of 291569?
9
What is the hundreds digit of 370679?
6
What is the units digit of 1592655?
5
What is the millions digit of 5415691?
5
What is the ten thousands digit of 15288811?
8
What is the hundreds digit of 787033?
0
What is the tens digit of 60029?
2
What is the hundreds digit of 2401106?
1
What is the hundreds digit of 244623?
6
What is the units digit of 3647938?
8
What is the tens digit of 36370103?
0
What is the hundreds digit of 24807707?
7
What is the hundreds digit of 70726?
7
What is the tens digit of 1492968?
6
What is the millions digit of 4820374?
4
What is the tens digit of 11644968?
6
What is the hundred thousands digit of 311055?
3
What is the ten thousands digit of 392763?
9
What is the ten thousands digit of 15845562?
4
What is the hundreds digit of 15119630?
6
What is the hundreds digit of 201577?
5
What is the hundred thousands digit of 264340?
2
What is the hundreds digit of 792136?
1
What is the hundred thousands digit of 2208413?
2
What is the units digit of 3055872?
2
What is the hundreds digit of 272135?
1
What is the hundreds digit of 66853?
8
What is the hundreds digit of 932770?
7
What is the tens digit of 1433561?
6
What is the thousands digit of 2317826?
7
What is the tens digit of 79838?
3
What is the thousands digit of 307591?
7
What is the thousands digit of 9469102?
9
What is the hundreds digit of 1863011?
0
What is the ten thousands digit of 10872114?
7
What is the tens digit of 194060?
6
What is the hundreds digit of 284709?
7
What is the tens digit of 165125?
2
What is the units digit of 155634?
4
What is the ten thousands digit of 1056507?
5
What is the ten thousands digit of 774305?
7
What is the thousands digit of 9610325?
0
What is the tens digit of 2636800?
0
What is the units digit of 765322?
2
What is the tens digit of 15603604?
0
What is the tens digit of 1136477?
7
What is the units digit of 212794?
4
What is the units digit of 10494573?
3
What is the ten thousands digit of 16063127?
6
What is the thousands digit of 19953485?
3
What is the tens digit of 10823323?
2
What is the ten thousands digit of 88326?
8
What is the hundreds digit of 737428?
4
What is the hundreds digit of 1330727?
7
What is the tens digit of 142750?
5
What is the hundreds digit of 6379582?
5
What is the hundred thousands digit of 135543?
1
What is the hundred thousands digit of 10556469?
5
What is the hundreds digit of 3722?
7
What is the hundred thousands digit of 186075?
1
What is the millions digit of 1219225?
1
What is the hundred thousands digit of 857451?
8
What is the ten thousands digit of 3753166?
5
What is the ten thousands digit of 1583319?
8
What is the ten thousands digit of 1941281?
4
What is the hundred thousands digit of 2178830?
1
What is the units digit of 101115?
5
What is the millions digit of 13015745?
3
What is the ten millions digit of 11566766?
1
What is the units digit of 133610?
0
What is the hundreds digit of 35586?
5
What is the hundreds digit of 5569847?
8
What is the hundred thousands digit of 946850?
9
What is the thousands digit of 3189958?
9
What is the units digit of 10024317?
7
What is the hundred thousands digit of 331171?
3
What is the hundred thousands digit of 411199?
4
What is the tens digit of 329550?
5
What is the hundreds digit of 50628?
6
What is the tens digit of 16406401?
0
What is the tens digit of 78216?
1
What is the tens digit of 3061871?
7
What is the hundred thousands digit of 3323892?
3
What is the tens digit of 755721?
2
What is the hundred thousands digit of 154198?
1
What is the thousands digit of 2039318?
9
What is the thousands digit of 1861754?
1
What is the thousands digit of 1215224?
5
What is the tens digit of 266782?
8
What is the ten thousands digit of 872486?
7
What is the tens digit of 5133962?
6
What is the tens digit of 942968?
6
What is the ten thousands digit of 2387392?
8
What is the units digit of 8364221?
1
What is the units digit of 2582730?
0
What is the hundred thousands digit of 362554?
3
What is the ten thousands digit of 34480?
3
What is the thousands digit of 3636778?
6
What is the millions digit of 2170964?
2
What is the ten thousands digit of 38311?
3
What is the ten thousands digit of 18490?
1
What is the hundreds digit of 43029?
0
What is the tens digit of 12754215?
1
What is the hundred thousands digit of 650590?
6
What is the millions digit of 34268531?
4
What is the tens digit of 82559?
5
What is the tens digit of 182326?
2
What is the tens digit of 295002?
0
What is the thousands digit of 702222?
2
What is the ten thousands digit of 3841102?
4
What is the units digit of 1866492?
2
What is the thousands digit of 258642?
8
What is the millions digit of 28253769?
8
What is the hundreds digit of 92102?
1
What is the thousands digit of 3978?
3
What is the hundreds digit of 35479?
4
What is the tens digit of 157894?
9
What is the units digit of 146667?
7
What is the units digit of 52351?
1
What is the hundred thousands digit of 141033?
1
What is the hundred thousands digit of 231436?
2
What is the hundreds digit of 544358?
3
What is the thousands digit of 586801?
6
What is the hundred thousands digit of 6652887?
6
What is the units digit of 2122299?
9
What is the